{"id":10654,"date":"2019-09-08T16:56:18","date_gmt":"2019-09-08T14:56:18","guid":{"rendered":"http:\/\/www.centre-sainte-anne.be\/?page_id=10654"},"modified":"2020-09-16T14:42:25","modified_gmt":"2020-09-16T12:42:25","slug":"contact-acces","status":"publish","type":"page","link":"http:\/\/www.centre-sainte-anne.be\/?page_id=10654","title":{"rendered":"Contact &#038; acc\u00e8s"},"content":{"rendered":"\n<h2><strong>Podologie<\/strong><\/h2>\n\n\n\n<p>Pour vous garantir les temps d&rsquo;attente les plus brefs et un meilleur confort, toutes les consultations se font sur rendez-vous.<\/p>\n\n\n\n<p>Nous t\u00e9l\u00e9phoner du lundi au vendredi de 8h \u00e0 18h30 : <strong>0473 24 12 54 <\/strong>pour les rendez vous avec nos podologues.<br><strong> <\/strong><br><strong>Marine Houel, Pauline Garnaud<br><\/strong> <br>Podologues Agr\u00e9\u00e9es et conventionn\u00e9es<br>Dipl\u00f4m\u00e9e de la haute Ecole Leonard De Vinci &#8211; Institut Parnasse- Deux Alice &#8211; 2010<br>Joignables au <strong>0473\/24.12.54<\/strong><\/p>\n\n\n\n<h2><strong> Pour nos autres professionnels : <\/strong><\/h2>\n\n\n\n<p><strong><br><\/strong>Kin\u00e9sith\u00e9rapeute<br>En attente temporaire<\/p>\n\n\n\n<p><strong>Th\u00e9r\u00e8se Kubli<\/strong> <br>Nutrith\u00e9rapeute<br>Joignable au <strong>0493\/81.01.81   <\/strong>   <br>tk@nutrition-pro.be<\/p>\n\n\n\n<iframe src=\"https:\/\/www.google.com\/maps\/embed?pb=!1m18!1m12!1m3!1d657.4708420207171!2d4.434038939463633!3d50.816470196275105!2m3!1f0!2f0!3f0!3m2!1i1024!2i768!4f13.1!3m3!1m2!1s0x47c3db16d8336305%3A0x6af20927a5326d6a!2sCare%20Center%20Sainte%20Anne!5e1!3m2!1sen!2sbe!4v1568015654662!5m2!1sen!2sbe\" width=\"1000\" height=\"600\" frameborder=\"0\" style=\"border:0;\" allowfullscreen=\"\"><\/iframe>\n\n\n\n<p><\/p>\n","protected":false},"excerpt":{"rendered":"<p>Podologie Pour vous garantir les temps d&rsquo;attente les plus brefs et un meilleur confort, toutes les consultations se font sur rendez-vous. Nous t\u00e9l\u00e9phoner du lundi au vendredi de 8h \u00e0 18h30 : 0473 24 12 54 pour les rendez vous avec nos podologues. Marine Houel, Pauline Garnaud Podologues Agr\u00e9\u00e9es et conventionn\u00e9esDipl\u00f4m\u00e9e de la haute Ecole &hellip; <\/p>\n<p class=\"link-more\"><a href=\"http:\/\/www.centre-sainte-anne.be\/?page_id=10654\" class=\"more-link\">Continuer la lecture<span class=\"screen-reader-text\"> de &laquo;&nbsp;Contact &#038; acc\u00e8s&nbsp;&raquo;<\/span><\/a><\/p>\n","protected":false},"author":1,"featured_media":0,"parent":0,"menu_order":0,"comment_status":"closed","ping_status":"closed","template":"","meta":[],"_links":{"self":[{"href":"http:\/\/www.centre-sainte-anne.be\/index.php?rest_route=\/wp\/v2\/pages\/10654"}],"collection":[{"href":"http:\/\/www.centre-sainte-anne.be\/index.php?rest_route=\/wp\/v2\/pages"}],"about":[{"href":"http:\/\/www.centre-sainte-anne.be\/index.php?rest_route=\/wp\/v2\/types\/page"}],"author":[{"embeddable":true,"href":"http:\/\/www.centre-sainte-anne.be\/index.php?rest_route=\/wp\/v2\/users\/1"}],"replies":[{"embeddable":true,"href":"http:\/\/www.centre-sainte-anne.be\/index.php?rest_route=%2Fwp%2Fv2%2Fcomments&post=10654"}],"version-history":[{"count":5,"href":"http:\/\/www.centre-sainte-anne.be\/index.php?rest_route=\/wp\/v2\/pages\/10654\/revisions"}],"predecessor-version":[{"id":10671,"href":"http:\/\/www.centre-sainte-anne.be\/index.php?rest_route=\/wp\/v2\/pages\/10654\/revisions\/10671"}],"wp:attachment":[{"href":"http:\/\/www.centre-sainte-anne.be\/index.php?rest_route=%2Fwp%2Fv2%2Fmedia&parent=10654"}],"curies":[{"name":"wp","href":"https:\/\/api.w.org\/{rel}","templated":true}]}}